 of 13 and g.
13
Suppose 0 = 4*b - 0*b - 60. Calculate the greatest common factor of b and 75.
15
Suppose 5*r - 228 + 3 = 0. Suppose -m + 3*w = m - 3, 2*w - 36 = -5*m. Suppose m*j - 90 = j. What is the greatest common factor of r and j?
9
Let y = -139 - -151. Let o(d) = d**2 - 5*d. Let k be o(6). Calculate the greatest common factor of y and k.
6
Let n(z) = -2*z**3 + 4*z**2 + 2*z + 5. Let x be n(5). Let a = -90 - x. Calculate the greatest common factor of 5 and a.
5
Suppose 422 = -5*l - 23. Let b = -62 - l. Suppose -4*s + 6*s = 36. What is the highest common factor of s and b?
9
Suppose 0 = r + 6*r - 63. What is the highest common factor of 36 and r?
9
Let c = 328 - 303. Suppose 0 = 3*v - 3*f - 36, 8 = v - f + 2*f. What is the highest common factor of c and v?
5
Suppose -r + 3 - 9 = 0. Let w(a) = -2*a - 4. Let t(d) = -d - 2. Let k(l) = 15*t(l) - 6*w(l). Let x be k(r). Calculate the greatest common divisor of 3 and x.
3
Let z(v) = -v**2 + 8*v + 12. Let y be z(9). What is the greatest common factor of y and 6?
3
Suppose -5 = 3*i - 41. Let g be (-8)/(-20) - 444/(-15). What is the highest common divisor of g and i?
6
Let d(w) = w**2 + 19*w + 4. Let u be d(-19). Suppose -2 = -2*y + 2. What is the greatest common factor of y and u?
2
Let p = -129 + 217. Suppose 3*z + 4*j = p, -5*z + 149 = 2*j - 7. What is the highest common factor of z and 4?
4
Let v(h) = -23*h - 7. Let b be v(-4). Let s = -35 - -52. What is the greatest common divisor of s and b?
17
Suppose 0 = 3*t + 19 - 106. Let h = t + -13. What is the highest common divisor of 80 and h?
16
Let r(s) = -s**2 - 6*s + 6. Let v(x) = -2*x. Let l be v(3). Let m be r(l). Suppose a - 2 = 10. What is the highest common divisor of m and a?
6
Suppose 0 = -3*p + 5*p - 20. Calculate the greatest common factor of p and 170.
10
Suppose 6 = -5*q + 61. Calculate the highest common factor of q and 33.
11
Suppose -2*w + 3*p + 39 = 14, 2*p = -4*w + 10. Suppose 52 = -w*l - 63. Let o = -14 - l. Calculate the highest common divisor of 18 and o.
9
Let z = 12 - 7. Suppose 2*v - 3*v = -40. Suppose v = 3*g + q - 3*q, 3*g = -z*q + 47. Calculate the greatest common divisor of 28 and g.
14
Suppose 9*p + 3*q - 24 = 6*p, 3*q = 4*p - 25. Calculate the highest common divisor of 28 and p.
7
Let q be (-7)/((-7)/3) + 29. Let c = -7 - -15. Calculate the highest common factor of q and c.
8
Let r(h) = -2*h**3 + h**2 + h. Let x be r(-1). Let k be 1/(1/x)*4. Calculate the greatest common factor of k and 64.
8
Suppose 8 = -4*h, 3*g + 0*g - 376 = 2*h. What is the greatest common factor of g and 31?
31
Let i(t) = 0*t - 8*t - 6*t. Let n be i(-1). Suppose 3*v - n = v. Calculate the greatest common divisor of v and 35.
7
Let m(s) = 11*s**3 + 4*s - 3. Let l be m(1). Suppose -3*g + 417 = 4*x + 2*g, -5*g = 2*x - 201. What is the highest common divisor of l and x?
12
Suppose -5*f = -2*s + 220, 4*s + 2*f - 3*f - 404 = 0. Calculate the highest common divisor of 20 and s.
20
Suppose -8*b = -9*b + 20. Let u(r) = 141*r**3 - 1. Let o be u(1). What is the greatest common divisor of o and b?
20
Let m be (-57 + -3)/(1/(-1)). Calculate the highest common divisor of 12 and m.
12
Let t(y) = 5*y**3 + 2*y - 1. Let r = 2 + 2. Suppose -s + 2*h - 1 = -4, r*s - 5 = h. Let i be t(s). Calculate the greatest common factor of i and 42.
6
Suppose 0 = 3*t - 10 - 2. Suppose 0 = -k - t*k - 3*z + 50, -z + 12 = k. What is the greatest common factor of k and 14?
7
Let j(u) = -u**3 + 2*u**2 + 75. Let q be j(0). What is the highest common divisor of 30 and q?
15
Let d(s) = -1 + 0 + 6*s**2 - 3 - s**3 - 3*s. Let f be d(3). What is the greatest common factor of f and 42?
14
Suppose h - 5*k + 26 = 4, 2*h + 9 = 3*k. Suppose -3*b - 3*q + 37 = -b, b - h*q - 5 = 0. Calculate the highest common divisor of b and 42.
14
Let k = 51 - 45. What is the greatest common divisor of 54 and k?
6
Let s = 3 - 1. Suppose p + 3*j = j + 14, 5*j - 31 = -s*p. Suppose -i + 3*i = p. What is the highest common factor of i and 32?
4
Suppose -4*s - 39 = 21. Let h be (-444)/s + 4/10. What is the greatest common divisor of 45 and h?
15
Let o = 123 + -116. What is the highest common factor of o and 105?
7
Suppose 2*y + 36 = 166. Calculate the highest common divisor of y and 13.
13
Let i be 18/(-15)*200/(-12). Let s be -180*(4/(-2) + 1). What is the highest common divisor of s and i?
20
Let l(q) = 10*q**3 + 3*q**2 - 3*q + 3. Let k be l(-3). Let h = -110 - k. What is the highest common divisor of h and 11?
11
Suppose -5*p + a + 32 = 3*a, 0 = p + 4*a + 8. Let k = -3 + 19. What is the greatest common factor of k and p?
8
Let l be 34 - -1*(1 - 1). Suppose 5*i - 79 = 176. What is the highest common factor of l and i?
17
Suppose 3*y + 14 - 44 = 0. Let z = y - 6. What is the greatest common factor of z and 20?
4
Let q(t) = t + 1. Let x be q(-1). Suppose -f + 4*d + 2 + 27 = x, -3*f = -d - 32. What is the highest common factor of f and 3?
3
Suppose -12 = 2*r - 22. Suppose 243 = 2*b + 3*b - o, 0 = 3*b + r*o - 129. Calculate the greatest common factor of b and 16.
16
Suppose 4*y - 2*g = 23 + 45, 3*y - 57 = 3*g. What is the highest common factor of 3 and y?
3
Suppose 2*y = -5 - 1. Let n be (y/(-2))/((-3)/(-44)). Suppose n = 5*c - g - 10, 11 = 2*c - g. What is the greatest common factor of c and 63?
7
Let w = -14 - -10. Let x be 54 + w + 0 + 0. Suppose 20 = -4*m + 6*m. Calculate the highest common divisor of x and m.
10
Suppose -b + 3*b - 230 = 0. Suppose 0*i - b = -2*j + i, j + i - 56 = 0. Suppose -3*k = -3 - 111. What is the greatest common factor of k and j?
19
Let y(c) = -c**2 - 2*c + 36. Let p be y(0). Let w be 3/2*8/1. What is the highest common factor of p and w?
12
Let u be 1 + (-5)/(15/(-9)). Suppose 12 = -u*c, -4*x + x + 2*c = -60. Let n = -4 - -10. What is the highest common factor of x and n?
6
Suppose -262 = -4*k + 5*m - 3*m, 4*k - 4*m = 268. What is the greatest common factor of k and 16?
16
Let f = -13 + 28. Suppose 3*w = -3 + f. Suppose h - 2*v = 16, 0*v + 112 = w*h + 4*v. Calculate the highest common factor of 3 and h.
3
Suppose 0 = x + 12 - 18. Let h be (9/x)/(2/16). Suppose -4*q + 2*n = -q - 42, 4*q - 3*n - 57 = 0. What is the highest common divisor of q and h?
12
Let w be (6/5)/((-129)/(-2150)). Calculate the greatest common factor of w and 35.
5
Let p(n) be the third derivative of 5*n**4/24 + 5*n**3/6 + n**2. Let k be p(8). What is the greatest common divisor of k and 9?
9
Let t(r) = -r**2 + 8*r + 4. Let a be t(10). Let d be (1 - -82) + a/8. Calculate the greatest common divisor of 9 and d.
9
Let w be -4 + 5 + 1 + 10. Let c be (-1)/(-1) - (2 - 133). Calculate the greatest common factor of c and w.
12
Suppose -2*q = q - 66. Suppose m + 3*p - 1 = 13, -3*m = 4*p - 22. What is the greatest common divisor of m and q?
2
Let g(q) = 325*q**3 + q**2 - 1. Let c be g(1). Suppose c = -0*u + 5*u. Let n be (0 + (3 - -1))*(-104)/(-16). What is the greatest common factor of u and n?
13
Let p(l) = -l**3 - 22*l**2 - 23*l - 5. Let k be p(-21). Calculate the highest common factor of k and 111.
37
Let u(t) = -6*t**3 + t**2 - t - 2. Let x be u(-1). Calculate the highest common divisor of 6 and x.
6
Let u be 3/((-15)/(-2))*55. Let a = -1 - -3. Let h be ((-3)/a)/((-1)/22). Calculate the greatest common factor of h and u.
11
Suppose -123*a + 756 = -119*a. Calculate the highest common divisor of 7 and a.
7
Suppose 2*v + 55 - 139 = 0. Suppose 0 = h - 2*h + 2. Suppose 5*w = -3*c + 76, 0*c = -c + h. What is the highest common divisor of w and v?
14
Let r(s) = 7*s + 2. Let c(j) = -1 + j + 0*j + 0*j. Let m be c(8). Let b be r(m). What is the highest common factor of b and 34?
17
Let w(c) = -c**2 - 9 + 7*c + c + c. Let m be w(6). Suppose 98 = 5*x + 4*t, 0 = -0*t + 3*t + m. Calculate the greatest common divisor of 2 and x.
2
Suppose -39 = -v - 2*b + 49, -5*v = 5*b - 420. What is the highest common factor of v and 10?
10
Let f = -81 - -141. Suppose 0 = 3*o - 0*o - f. What is the highest common divisor of o and 10?
10
Suppose 5*b + 10 = y, -b + 46 = 2*y + 2*b. Suppose 7 = 3*o + 19. Let w = o - -14. Calculate the greatest common divisor of y and w.
10
Suppose l + 0 = -5*p + 21, 9 = 4*l - 5*p. Calculate the highest common divisor of 9 and l.
3
Let r be 2 + 1*(1 + -2). Let a(q) = -q**2 + 2*q - 1. Let s be a(r). Suppose -5*j + s*j = -65.